{"id":1035,"date":"2016-02-24T18:49:43","date_gmt":"2016-02-24T18:49:43","guid":{"rendered":"http:\/\/www.alzahra.com.br\/?page_id=1035"},"modified":"2016-03-11T14:24:49","modified_gmt":"2016-03-11T14:24:49","slug":"formas-de-pagamento","status":"publish","type":"page","link":"https:\/\/www.alzahra.com.br\/index.php\/formas-de-pagamento\/","title":{"rendered":"Formas de Pagamento"},"content":{"rendered":"<div id=\"pl-1035\"  class=\"panel-layout\" ><div id=\"pg-1035-0\"  class=\"panel-grid panel-has-style\" ><div style=\"padding: 0px 0; \" data-overlay=\"true\" class=\"panel-row-style panel-row-style-for-1035-0\" ><div id=\"pgc-1035-0-0\"  class=\"panel-grid-cell\" ><div id=\"panel-1035-0-0-0\" class=\"so-panel widget widget_sow-editor panel-first-child\" data-index=\"0\" ><div class=\"so-widget-sow-editor so-widget-sow-editor-base\"><h3 class=\"widget-title\">Formas de Pagamento<\/h3>\n<div class=\"siteorigin-widget-tinymce textwidget\">\n\t<h3 style=\"text-align: justify;\"><img loading=\"lazy\" class=\"wp-image-1039 alignright\" src=\"http:\/\/www.alzahra.com.br\/wp-content\/uploads\/2016\/02\/business-861325_640.jpg\" alt=\"Pre\u00e7os e condi\u00e7\u00f5es de pagamento\" width=\"461\" height=\"346\" srcset=\"https:\/\/www.alzahra.com.br\/wp-content\/uploads\/2016\/02\/business-861325_640.jpg 640w, https:\/\/www.alzahra.com.br\/wp-content\/uploads\/2016\/02\/business-861325_640-600x450.jpg 600w, https:\/\/www.alzahra.com.br\/wp-content\/uploads\/2016\/02\/business-861325_640-300x225.jpg 300w, https:\/\/www.alzahra.com.br\/wp-content\/uploads\/2016\/02\/business-861325_640-230x173.jpg 230w, https:\/\/www.alzahra.com.br\/wp-content\/uploads\/2016\/02\/business-861325_640-350x263.jpg 350w\" sizes=\"(max-width: 461px) 100vw, 461px\" \/><\/h3>\n<p style=\"text-align: justify;\">Os servi\u00e7os da Alzahra Comunica\u00e7\u00e3o podem ser contratados na forma de trabalhos espec\u00edficos (JOB), como por exemplo, a cria\u00e7\u00e3o de um cat\u00e1logo, ou na forma de um contrato mensal.<\/p>\n<p style=\"text-align: justify;\">A forma de pagamento padr\u00e3o dos trabalhos espec\u00edficos \u00e9 o parcelamento em duas vezes, com uma parcela inicial de 40% do valor do JOB na aprova\u00e7\u00e3o da proposta e os 60% restantes ap\u00f3s a entrega. Alternativamente, oferecemos o parcelamento no cart\u00e3o de cr\u00e9dito pelo <a href=\"https:\/\/pagseguro.uol.com.br\/para_voce\/meios_de_pagamento_e_parcelamento.jhtml\" target=\"_blank\">PagSeguro<\/a>.<\/p>\n<p style=\"text-align: justify;\">No caso do contrato mensal, o pagamento \u00e9 sempre ao final do m\u00eas, atrav\u00e9s de boleto banc\u00e1rio. O\u00a0contrato \u00e9 geralmente pelo per\u00edodo de 6 meses at\u00e9 1 ano, com possibilidade de renova\u00e7\u00e3o. Exemplos desta modalidade de contrata\u00e7\u00e3o s\u00e3o os servi\u00e7os de gest\u00e3o de redes sociais e os de manuten\u00e7\u00e3o de conte\u00fado de sites.<\/p>\n<p style=\"text-align: justify;\">Os valores dos servi\u00e7os e dos contratos variam, pois est\u00e3o associados ao esfor\u00e7o de cria\u00e7\u00e3o e demanda de recursos espec\u00edficos de cada caso. Cada cliente tem uma hist\u00f3ria diferente, caracter\u00edsticas pr\u00f3prias e necessidades que o distinguem dos demais e resultam em uma proposta personalizada.<\/p>\n<p style=\"text-align: justify;\">Uma observa\u00e7\u00e3o importante quanto aos valores dos servi\u00e7os publicit\u00e1rios \u00e9 que n\u00e3o est\u00e3o fora do alcance da maioria das empresas. S\u00e3o investimentos fact\u00edveis, importantes para a sobreviv\u00eancia e crescimento de qualquer neg\u00f3cio, com o retorno atrav\u00e9s dos resultados que as\u00a0a\u00e7\u00f5es desenvolvidas trar\u00e3o para a \u00e1rea comercial de sua empresa. Resultados que, dependendo do caso, podem se refletir\u00a0por todo o tempo de vida de uma empresa, como por exemplo no caso da escolha do nome da empresa ou da cria\u00e7\u00e3o de seu logotipo.<\/p>\n<p style=\"text-align: justify;\">\u00a0<\/p>\n<\/div>\n<\/div><\/div><div id=\"panel-1035-0-0-1\" class=\"so-panel widget widget_sow-button panel-last-child\" data-index=\"1\" ><div class=\"so-widget-sow-button so-widget-sow-button-atom-58c67416e769\"><div class=\"ow-button-base ow-button-align-center\">\n\t<a href=\"http:\/\/www.alzahra.com.br\/index.php\/contato\/\" class=\"ow-icon-placement-left ow-button-hover\" \t\t>\n\t\t<span>\n\t\t\t<span class=\"sow-icon-ionicons\" data-sow-icon=\"&#xf3fd;\"\n\t\t ><\/span>\n\t\t\tFale Conosco\t\t<\/span>\n\t<\/a>\n<\/div>\n<\/div><\/div><\/div><\/div><\/div><\/div>","protected":false},"excerpt":{"rendered":"<p>Os servi\u00e7os da Alzahra Comunica\u00e7\u00e3o podem ser contratados na forma de trabalhos espec\u00edficos (JOB), como por exemplo, a cria\u00e7\u00e3o de um cat\u00e1logo, ou na forma de um contrato mensal.A forma de pagamento padr\u00e3o dos trabalhos espec\u00edficos \u00e9 o parcelamento em duas vezes, com uma parcela inicial de 40% do valor do JOB na aprova\u00e7\u00e3o da [&hellip;]<\/p>\n","protected":false},"author":1,"featured_media":0,"parent":0,"menu_order":0,"comment_status":"closed","ping_status":"closed","template":"page-templates\/page_fullwidth.php","meta":[],"yoast_head":"<!-- This site is optimized with the Yoast SEO plugin v15.2.1 - https:\/\/yoast.com\/wordpress\/plugins\/seo\/ -->\n<title>Formas de Pagamento - Alzahra Comunica\u00e7\u00e3o<\/title>\n<meta name=\"description\" content=\"Observa\u00e7\u00f5es sobre os valores e as formas de pagamento oferecidas pela Alzahra Comunica\u00e7\u00e3o para os seus clientes.\" \/>\n<meta name=\"robots\" content=\"index, follow, max-snippet:-1, max-image-preview:large, max-video-preview:-1\" \/>\n<link rel=\"canonical\" href=\"https:\/\/www.alzahra.com.br\/index.php\/formas-de-pagamento\/\" \/>\n<meta property=\"og:locale\" content=\"pt_BR\" \/>\n<meta property=\"og:type\" content=\"article\" \/>\n<meta property=\"og:title\" content=\"Formas de Pagamento - Alzahra Comunica\u00e7\u00e3o\" \/>\n<meta property=\"og:description\" content=\"Observa\u00e7\u00f5es sobre os valores e as formas de pagamento oferecidas pela Alzahra Comunica\u00e7\u00e3o para os seus clientes.\" \/>\n<meta property=\"og:url\" content=\"https:\/\/www.alzahra.com.br\/index.php\/formas-de-pagamento\/\" \/>\n<meta property=\"og:site_name\" content=\"Alzahra Comunica\u00e7\u00e3o\" \/>\n<meta property=\"article:publisher\" content=\"https:\/\/www.facebook.com\/AlzahraComunicacao\" \/>\n<meta property=\"article:modified_time\" content=\"2016-03-11T14:24:49+00:00\" \/>\n<meta property=\"og:image\" content=\"http:\/\/www.alzahra.com.br\/wp-content\/uploads\/2016\/02\/business-861325_640.jpg\" \/>\n<meta name=\"twitter:card\" content=\"summary\" \/>\n<meta name=\"twitter:label1\" content=\"Written by\">\n\t<meta name=\"twitter:data1\" content=\"agalzahra\">\n\t<meta name=\"twitter:label2\" content=\"Est. reading time\">\n\t<meta name=\"twitter:data2\" content=\"1 minuto\">\n<script type=\"application\/ld+json\" class=\"yoast-schema-graph\">{\"@context\":\"https:\/\/schema.org\",\"@graph\":[{\"@type\":\"WebSite\",\"@id\":\"https:\/\/www.alzahra.com.br\/#website\",\"url\":\"https:\/\/www.alzahra.com.br\/\",\"name\":\"Alzahra Comunica\\u00e7\\u00e3o\",\"description\":\"Ag\\u00eancia de Publicidade\",\"potentialAction\":[{\"@type\":\"SearchAction\",\"target\":\"https:\/\/www.alzahra.com.br\/?s={search_term_string}\",\"query-input\":\"required name=search_term_string\"}],\"inLanguage\":\"pt-BR\"},{\"@type\":\"ImageObject\",\"@id\":\"https:\/\/www.alzahra.com.br\/index.php\/formas-de-pagamento\/#primaryimage\",\"inLanguage\":\"pt-BR\",\"url\":\"http:\/\/www.alzahra.com.br\/wp-content\/uploads\/2016\/02\/business-861325_640.jpg\"},{\"@type\":\"WebPage\",\"@id\":\"https:\/\/www.alzahra.com.br\/index.php\/formas-de-pagamento\/#webpage\",\"url\":\"https:\/\/www.alzahra.com.br\/index.php\/formas-de-pagamento\/\",\"name\":\"Formas de Pagamento - Alzahra Comunica\\u00e7\\u00e3o\",\"isPartOf\":{\"@id\":\"https:\/\/www.alzahra.com.br\/#website\"},\"primaryImageOfPage\":{\"@id\":\"https:\/\/www.alzahra.com.br\/index.php\/formas-de-pagamento\/#primaryimage\"},\"datePublished\":\"2016-02-24T18:49:43+00:00\",\"dateModified\":\"2016-03-11T14:24:49+00:00\",\"description\":\"Observa\\u00e7\\u00f5es sobre os valores e as formas de pagamento oferecidas pela Alzahra Comunica\\u00e7\\u00e3o para os seus clientes.\",\"inLanguage\":\"pt-BR\",\"potentialAction\":[{\"@type\":\"ReadAction\",\"target\":[\"https:\/\/www.alzahra.com.br\/index.php\/formas-de-pagamento\/\"]}]}]}<\/script>\n<!-- \/ Yoast SEO plugin. -->","_links":{"self":[{"href":"https:\/\/www.alzahra.com.br\/index.php\/wp-json\/wp\/v2\/pages\/1035"}],"collection":[{"href":"https:\/\/www.alzahra.com.br\/index.php\/wp-json\/wp\/v2\/pages"}],"about":[{"href":"https:\/\/www.alzahra.com.br\/index.php\/wp-json\/wp\/v2\/types\/page"}],"author":[{"embeddable":true,"href":"https:\/\/www.alzahra.com.br\/index.php\/wp-json\/wp\/v2\/users\/1"}],"replies":[{"embeddable":true,"href":"https:\/\/www.alzahra.com.br\/index.php\/wp-json\/wp\/v2\/comments?post=1035"}],"version-history":[{"count":0,"href":"https:\/\/www.alzahra.com.br\/index.php\/wp-json\/wp\/v2\/pages\/1035\/revisions"}],"wp:attachment":[{"href":"https:\/\/www.alzahra.com.br\/index.php\/wp-json\/wp\/v2\/media?parent=1035"}],"curies":[{"name":"wp","href":"https:\/\/api.w.org\/{rel}","templated":true}]}}