{"id":482,"date":"2015-06-25T15:46:51","date_gmt":"2015-06-25T15:46:51","guid":{"rendered":"http:\/\/alzahra.hospedagemdesites.ws\/?page_id=482"},"modified":"2017-11-30T17:06:10","modified_gmt":"2017-11-30T17:06:10","slug":"campanha-de-links-patrocinados","status":"publish","type":"page","link":"https:\/\/www.alzahra.com.br\/index.php\/campanha-de-links-patrocinados\/","title":{"rendered":"Servi\u00e7os &#8211; Links Patrocinados"},"content":{"rendered":"<div id=\"pl-482\"  class=\"panel-layout\" ><div id=\"pg-482-0\"  class=\"panel-grid panel-has-style\" ><div style=\"padding: 0px 0; \" data-overlay=\"true\" class=\"panel-row-style panel-row-style-for-482-0\" ><div id=\"pgc-482-0-0\"  class=\"panel-grid-cell\" ><div id=\"panel-482-0-0-0\" class=\"so-panel widget widget_list panel-first-child\" data-index=\"0\" ><div style=\"text-align: left;\" data-title-color=\"#443f3f\" data-headings-color=\"#443f3f\" class=\"panel-widget-style panel-widget-style-for-482-0-0-0\" ><h3 class=\"widget-title\">Campanha de Links Patrocinados<\/h3>\n\t\t<p>Coloque sua empresa ao alcance do seu p\u00fablico-alvo nas p\u00e1ginas de pesquisa do Google.<\/p>\n\t\t<ul class='roll-list'><li>Planejamento da Campanha<\/li><li>Cria\u00e7\u00e3o da Conta no Google AdWords<\/li><li>Cria\u00e7\u00e3o da Campanha<\/li><li>Cria\u00e7\u00e3o dos grupos de an\u00fancios<\/li><li>Cria\u00e7\u00e3o dos an\u00fancios<\/li><li>Cria\u00e7\u00e3o das palavras chaves<\/li><li>Gest\u00e3o da Campanha<\/li><li>Emiss\u00e3o de relat\u00f3rios<\/li><\/ul>\t\t\t\t\t<a class=\"roll-button border\" href=\"\/index.php\/contato\">Agende uma Visita<\/a>\n\t\t\t\t\n\t\t<\/div><\/div><div id=\"panel-482-0-0-1\" class=\"so-panel widget widget_nav_menu panel-last-child\" data-index=\"1\" ><div class=\"panel-widget-style panel-widget-style-for-482-0-0-1\" ><div class=\"menu-servicos-container\"><ul id=\"menu-servicos\" class=\"menu accessibility_menu\"><li id=\"menu-item-721\" class=\"menu-item menu-item-type-post_type menu-item-object-page menu-item-721\"><a href=\"https:\/\/www.alzahra.com.br\/index.php\/criacao-de-sites\/\">Cria\u00e7\u00e3o de Sites<\/a><\/li>\n<li id=\"menu-item-726\" class=\"menu-item menu-item-type-post_type menu-item-object-page menu-item-726\"><a href=\"https:\/\/www.alzahra.com.br\/index.php\/criacao-publicitaria\/\">Cria\u00e7\u00e3o Publicit\u00e1ria<\/a><\/li>\n<li id=\"menu-item-724\" class=\"menu-item menu-item-type-post_type menu-item-object-page menu-item-724\"><a href=\"https:\/\/www.alzahra.com.br\/index.php\/identidade-corporativa\/\">Identidade Corporativa<\/a><\/li>\n<li id=\"menu-item-723\" class=\"menu-item menu-item-type-post_type menu-item-object-page menu-item-723\"><a href=\"https:\/\/www.alzahra.com.br\/index.php\/campanha-de-links-patrocinados\/\">Links Patrocinados<\/a><\/li>\n<li id=\"menu-item-725\" class=\"menu-item menu-item-type-post_type menu-item-object-page menu-item-725\"><a href=\"https:\/\/www.alzahra.com.br\/index.php\/marketing-direto\/\">Marketing Direto<\/a><\/li>\n<li id=\"menu-item-722\" class=\"menu-item menu-item-type-post_type menu-item-object-page menu-item-722\"><a href=\"https:\/\/www.alzahra.com.br\/index.php\/gestao-de-redes-sociais\/\">Redes Sociais<\/a><\/li>\n<\/ul><\/div><\/div><\/div><\/div><div id=\"pgc-482-0-1\"  class=\"panel-grid-cell\" ><div id=\"panel-482-0-1-0\" class=\"so-panel widget widget_sow-image panel-first-child panel-last-child\" data-index=\"2\" ><div class=\"so-widget-sow-image so-widget-sow-image-default-4b231843ec72\">\n\n<div class=\"sow-image-container\">\n\t<img src=\"https:\/\/www.alzahra.com.br\/wp-content\/uploads\/2015\/06\/Links-Patrocinados.png\" width=\"500\" height=\"600\" srcset=\"https:\/\/www.alzahra.com.br\/wp-content\/uploads\/2015\/06\/Links-Patrocinados.png 500w, https:\/\/www.alzahra.com.br\/wp-content\/uploads\/2015\/06\/Links-Patrocinados-250x300.png 250w, https:\/\/www.alzahra.com.br\/wp-content\/uploads\/2015\/06\/Links-Patrocinados-230x276.png 230w\" sizes=\"(max-width: 500px) 100vw, 500px\" alt=\"Foto de micro aberto com o navegador aberto no Google Adwords\" \t\tclass=\"so-widget-image\"\/>\n<\/div>\n\n<\/div><\/div><\/div><\/div><\/div><\/div>","protected":false},"excerpt":{"rendered":"<p>Campanha de Links Patrocinados Coloque sua empresa ao alcance do seu p\u00fablico-alvo nas p\u00e1ginas de pesquisa do Google. Planejamento da CampanhaCria\u00e7\u00e3o da Conta no Google AdWordsCria\u00e7\u00e3o da CampanhaCria\u00e7\u00e3o dos grupos de an\u00fanciosCria\u00e7\u00e3o dos an\u00fanciosCria\u00e7\u00e3o das palavras chavesGest\u00e3o da CampanhaEmiss\u00e3o de relat\u00f3rios Agende uma Visita Cria\u00e7\u00e3o de Sites Cria\u00e7\u00e3o Publicit\u00e1ria Identidade Corporativa Links Patrocinados Marketing Direto [&hellip;]<\/p>\n","protected":false},"author":1,"featured_media":0,"parent":0,"menu_order":0,"comment_status":"closed","ping_status":"closed","template":"page-templates\/page_fullwidth.php","meta":[],"yoast_head":"<!-- This site is optimized with the Yoast SEO plugin v15.2.1 - https:\/\/yoast.com\/wordpress\/plugins\/seo\/ -->\n<title>Servi\u00e7os - Links Patrocinados - Alzahra Comunica\u00e7\u00e3o<\/title>\n<meta name=\"robots\" content=\"index, follow, max-snippet:-1, max-image-preview:large, max-video-preview:-1\" \/>\n<link rel=\"canonical\" href=\"https:\/\/www.alzahra.com.br\/index.php\/campanha-de-links-patrocinados\/\" \/>\n<meta property=\"og:locale\" content=\"pt_BR\" \/>\n<meta property=\"og:type\" content=\"article\" \/>\n<meta property=\"og:title\" content=\"Servi\u00e7os - Links Patrocinados - Alzahra Comunica\u00e7\u00e3o\" \/>\n<meta property=\"og:description\" content=\"Campanha de Links Patrocinados Coloque sua empresa ao alcance do seu p\u00fablico-alvo nas p\u00e1ginas de pesquisa do Google. Planejamento da CampanhaCria\u00e7\u00e3o da Conta no Google AdWordsCria\u00e7\u00e3o da CampanhaCria\u00e7\u00e3o dos grupos de an\u00fanciosCria\u00e7\u00e3o dos an\u00fanciosCria\u00e7\u00e3o das palavras chavesGest\u00e3o da CampanhaEmiss\u00e3o de relat\u00f3rios Agende uma Visita Cria\u00e7\u00e3o de Sites Cria\u00e7\u00e3o Publicit\u00e1ria Identidade Corporativa Links Patrocinados Marketing Direto [&hellip;]\" \/>\n<meta property=\"og:url\" content=\"https:\/\/www.alzahra.com.br\/index.php\/campanha-de-links-patrocinados\/\" \/>\n<meta property=\"og:site_name\" content=\"Alzahra Comunica\u00e7\u00e3o\" \/>\n<meta property=\"article:publisher\" content=\"https:\/\/www.facebook.com\/AlzahraComunicacao\" \/>\n<meta property=\"article:modified_time\" content=\"2017-11-30T17:06:10+00:00\" \/>\n<meta property=\"og:image\" content=\"http:\/\/www.alzahra.com.br\/wp-content\/uploads\/2015\/06\/Links-Patrocinados.png\" \/>\n<meta name=\"twitter:card\" content=\"summary\" \/>\n<meta name=\"twitter:label1\" content=\"Written by\">\n\t<meta name=\"twitter:data1\" content=\"agalzahra\">\n\t<meta name=\"twitter:label2\" content=\"Est. reading time\">\n\t<meta name=\"twitter:data2\" content=\"0 minuto\">\n<script type=\"application\/ld+json\" class=\"yoast-schema-graph\">{\"@context\":\"https:\/\/schema.org\",\"@graph\":[{\"@type\":\"WebSite\",\"@id\":\"https:\/\/www.alzahra.com.br\/#website\",\"url\":\"https:\/\/www.alzahra.com.br\/\",\"name\":\"Alzahra Comunica\\u00e7\\u00e3o\",\"description\":\"Ag\\u00eancia de Publicidade\",\"potentialAction\":[{\"@type\":\"SearchAction\",\"target\":\"https:\/\/www.alzahra.com.br\/?s={search_term_string}\",\"query-input\":\"required name=search_term_string\"}],\"inLanguage\":\"pt-BR\"},{\"@type\":\"ImageObject\",\"@id\":\"https:\/\/www.alzahra.com.br\/index.php\/campanha-de-links-patrocinados\/#primaryimage\",\"inLanguage\":\"pt-BR\",\"url\":\"http:\/\/www.alzahra.com.br\/wp-content\/uploads\/2015\/06\/Links-Patrocinados.png\"},{\"@type\":\"WebPage\",\"@id\":\"https:\/\/www.alzahra.com.br\/index.php\/campanha-de-links-patrocinados\/#webpage\",\"url\":\"https:\/\/www.alzahra.com.br\/index.php\/campanha-de-links-patrocinados\/\",\"name\":\"Servi\\u00e7os - Links Patrocinados - Alzahra Comunica\\u00e7\\u00e3o\",\"isPartOf\":{\"@id\":\"https:\/\/www.alzahra.com.br\/#website\"},\"primaryImageOfPage\":{\"@id\":\"https:\/\/www.alzahra.com.br\/index.php\/campanha-de-links-patrocinados\/#primaryimage\"},\"datePublished\":\"2015-06-25T15:46:51+00:00\",\"dateModified\":\"2017-11-30T17:06:10+00:00\",\"inLanguage\":\"pt-BR\",\"potentialAction\":[{\"@type\":\"ReadAction\",\"target\":[\"https:\/\/www.alzahra.com.br\/index.php\/campanha-de-links-patrocinados\/\"]}]}]}<\/script>\n<!-- \/ Yoast SEO plugin. -->","_links":{"self":[{"href":"https:\/\/www.alzahra.com.br\/index.php\/wp-json\/wp\/v2\/pages\/482"}],"collection":[{"href":"https:\/\/www.alzahra.com.br\/index.php\/wp-json\/wp\/v2\/pages"}],"about":[{"href":"https:\/\/www.alzahra.com.br\/index.php\/wp-json\/wp\/v2\/types\/page"}],"author":[{"embeddable":true,"href":"https:\/\/www.alzahra.com.br\/index.php\/wp-json\/wp\/v2\/users\/1"}],"replies":[{"embeddable":true,"href":"https:\/\/www.alzahra.com.br\/index.php\/wp-json\/wp\/v2\/comments?post=482"}],"version-history":[{"count":0,"href":"https:\/\/www.alzahra.com.br\/index.php\/wp-json\/wp\/v2\/pages\/482\/revisions"}],"wp:attachment":[{"href":"https:\/\/www.alzahra.com.br\/index.php\/wp-json\/wp\/v2\/media?parent=482"}],"curies":[{"name":"wp","href":"https:\/\/api.w.org\/{rel}","templated":true}]}}